nder when 5037786 is divided by 37?
14
Calculate the remainder when 3809740 is divided by 761859.
445
What is the remainder when 31891008 is divided by 2126066?
18
Calculate the remainder when 119201 is divided by 86.
5
What is the remainder when 1626942 is divided by 58105?
2
What is the remainder when 44445256 is divided by 26?
24
What is the remainder when 3450727 is divided by 1149812?
1291
Calculate the remainder when 39123 is divided by 13016.
75
Calculate the remainder when 131437 is divided by 1134.
1027
Calculate the remainder when 4095001 is divided by 35000.
1
Calculate the remainder when 550488 is divided by 185.
113
Calculate the remainder when 411310 is divided by 58752.
46
Calculate the remainder when 50180258 is divided by 669070.
8
Calculate the remainder when 9366891 is divided by 1452.
39
Calculate the remainder when 135357063 is divided by 115591.
2
Calculate the remainder when 1808882 is divided by 106402.
48
Calculate the remainder when 395448 is divided by 197708.
32
Calculate the remainder when 8886322 is divided by 8886314.
8
Calculate the remainder when 53047201 is divided by 151.
146
What is the remainder when 89663 is divided by 1341?
1157
Calculate the remainder when 26126452 is divided by 9268.
9228
What is the remainder when 802099 is divided by 322?
319
What is the remainder when 11435992 is divided by 296?
32
What is the remainder when 8063554 is divided by 26?
18
Calculate the remainder when 4002713 is divided by 571814.
15
Calculate the remainder when 33271 is divided by 5630.
5121
What is the remainder when 16051573 is divided by 2822?
37
What is the remainder when 22897853 is divided by 213?
140
What is the remainder when 33052 is divided by 8167?
384
Calculate the remainder when 583431 is divided by 20830.
191
What is the remainder when 58184994 is divided by 213?
210
What is the remainder when 58564 is divided by 58521?
43
Calculate the remainder when 686936 is divided by 550.
536
What is the remainder when 13221 is divided by 2432?
1061
What is the remainder when 187610708 is divided by 581?
579
What is the remainder when 384207 is divided by 1528?
679
Calculate the remainder when 777684 is divided by 194415.
24
Calculate the remainder when 5306823 is divided by 1061342.
113
Calculate the remainder when 4394787 is divided by 1098696.
3
Calculate the remainder when 495557813 is divided by 299.
296
What is the remainder when 1987910 is divided by 269?
0
Calculate the remainder when 190086 is divided by 3264.
774
Calculate the remainder when 1007034 is divided by 311.
16
What is the remainder when 367404 is divided by 1626?
1554
What is the remainder when 466304 is divided by 198?
14
What is the remainder when 30312 is divided by 5049?
18
What is the remainder when 209832 is divided by 198437?
11395
Calculate the remainder when 8008116 is divided by 307.
21
What is the remainder when 2003945 is divided by 1258?
1209
What is the remainder when 502981 is divided by 167390?
811
What is the remainder when 794498 is divided by 5879?
833
What is the remainder when 59397607 is divided by 1561?
1557
What is the remainder when 1073137 is divided by 1072794?
343
What is the remainder when 357783 is divided by 2908?
99
Calculate the remainder when 1643624 is divided by 15653.
59
Calculate the remainder when 10056443 is divided by 6.
5
Calculate the remainder when 113388 is divided by 98.
2
Calculate the remainder when 184044788 is divided by 10.
8
What is the remainder when 121832085 is divided by 8775?
8760
Calculate the remainder when 3656173 is divided by 522309.
10
What is the remainder when 36236 is divided by 245?
221
What is the remainder when 10490956 is divided by 1674?
1672
What is the remainder when 654962 is divided by 163048?
2770
What is the remainder when 78337574 is divided by 109410?
14
Calculate the remainder when 8447047 is divided by 207.
205
What is the remainder when 18343 is divided by 398?
35
Calculate the remainder when 7474 is divided by 7006.
468
What is the remainder when 4741140 is divided by 407?
404
What is the remainder when 14969322 is divided by 10211?
10207
Calculate the remainder when 221701 is divided by 3309.
3307
What is the remainder when 49722 is divided by 16531?
129
Calculate the remainder when 366021 is divided by 24401.
6
Calculate the remainder when 55510 is divided by 6674.
2118
What is the remainder when 6935258 is divided by 6935224?
34
What is the remainder when 987900 is divided by 34065?
15
What is the remainder when 383299770 is divided by 1025?
1020
Calculate the remainder when 7247664 is divided by 3623826.
12
What is the remainder when 241129 is divided by 80346?
91
Calculate the remainder when 7004042 is divided by 25.
17
What is the remainder when 1489285 is divided by 10790?
265
Calculate the remainder when 63137 is divided by 15775.
37
Calculate the remainder when 21674 is divided by 5416.
10
What is the remainder when 20985 is divided by 1483?
223
Calculate the remainder when 1516815 is divided by 755.
20
What is the remainder when 2565397 is divided by 123?
109
Calculate the remainder when 1256898 is divided by 50201.
1873
Calculate the remainder when 16559 is divided by 3666.
1895
Calculate the remainder when 12089632 is divided by 147434.
44
Calculate the remainder when 195595 is divided by 1169.
372
What is the remainder when 21019 is divided by 9706?
1607
Calculate the remainder when 46873555 is divided by 12156.
19
Calculate the remainder when 2174 is divided by 1915.
259
Calculate the remainder when 172096657 is divided by 844.
837
What is the remainder when 782851 is divided by 262?
257
What is the remainder when 2445330 is divided by 814771?
1017
Calculate the remainder when 25984 is divided by 2621.
2395
What is the remainder when 7668415 is divided by 158?
43
Calculate the remainder when 8515478 is divided by 58.
34
What is the remainder when 44158867 is divided by 20?
7
What is the remainder when 180737 is divided by 22?
7
What is the remainder when 22211135 is divided by 7403686?
77
What is the remainder when 639015 is divided by 39938?
7
Calculate the remainder when 849609 is divided by 198.
189
Calculate the remainder when 5730696 is divided by 1298.
26
What is the remainder when 1987780 is divided by 273?
67
What is the remainder when 3417860 is divided by 9441?
218
What is the remainder when 1011011 is divided by 1259?
34
What is the remainder when 1153251 is divided by 12?
3
Calculate the remainder when 287226 is divided by 22059.
459
What is the remainder when 233131 is divided by 14502?
1099
What is the remainder when 6985484 is divided by 3?
2
What is the remainder when 103984399 is divided by 87?
85
What is the remainder when 97066546 is divided by 321?
319
What is the remainder when 13758546 is divided by 496?
2
Calculate the remainder when 19670571 is divided by 4917636.
27
What is the remainder when 1248018 is divided by 311995?
38
What is the remainder when 6173662 is divided by 58242?
10
Calculate the remainder when 258663 is divided by 655.
593
Calculate the remainder when 5772751 is divided by 1212.
1207
What is the remainder when 760051 is divided by 891?
28
What is the remainder when 5915434 is divided by 4340?
14
Calculate the remainder when 25536 is divided by 12210.
1116
What is the remainder when 16643 is divided by 3033?
1478
What is the remainder when 763174 is divided by 774?
10
What is the remainder when 6739704 is divided by 896?
888
What is the remainder when 2513709 is divided by 502696?
229
What is the remainder when 6272230 is divided by 57?
7
What is the remainder when 49418 is divided by 8986?
4488
What is the remainder when 9912446 is divided by 1036?
1034
Calculate the remainder when 585957 is divided by 76.
73
What is the remainder when 430673 is divided by 288?
113
Calculate the remainder when 713003 is divided by 1379.
60
What is the remainder when 15782508 is divided by 405?
63
Calculate the remainder when 42914741 is divided by 14304912.
5
Calculate the remainder when 29976679 is divided by 1152949.
5
What is the remainder when 6282027 is divided by 59264?
43
Calculate the remainder when 7215186 is divided by 674.
16
What is the remainder when 19169945 is divided by 721?
718
What is the remainder when